{"id":2938,"date":"2022-02-24T10:03:16","date_gmt":"2022-02-24T10:03:16","guid":{"rendered":"https:\/\/schule-katzwang.de\/?page_id=2938"},"modified":"2025-03-26T16:56:05","modified_gmt":"2025-03-26T16:56:05","slug":"foerderverein-der-schule-katzwang","status":"publish","type":"page","link":"https:\/\/schule-katzwang.de\/?page_id=2938","title":{"rendered":"F\u00f6rderverein der Schule Katzwang"},"content":{"rendered":"\n<p>Auf dieser Seite finden Sie aktuelle Nachrichten und Berichte aus der Arbeit des des F\u00f6rdervereins. <\/p>\n\n\n\n<p>Am Ende der Seite finden Sie die aktuelle Beitrittserkl\u00e4rung. Die Satzung des F\u00f6rdervereins ist auf der eigenen Unterseite zu finden.  <\/p>\n\n\n\n<p><\/p>\n\n\n\n<p class=\"has-medium-font-size\"><strong>Ausflug der Theater AG<\/strong><\/p>\n\n\n\n<p>Der F\u00f6rderverein der Grund- und Mittelschule Katzwang hat es den Kindern der Theater AG erm\u00f6glicht, bei einem Drehtag eines Kinderfilms dabei zu sein. Bei der Produktion von &#8222;Amalias geheimes Tagebuch&#8220; durften die kleinen Schauspieler:innen unserer Schule den Gro\u00dfen \u00fcber die Schulter schauen. F\u00fcr die Schauspielerinnen und Schauspieler und insbesondere f\u00fcr die Kinder war dies ein ganz besonderer Tag.<br>Viktoria meinte: Ich fand es sch\u00f6n, weil man hinter die Kulissen schauen d\u00fcrfte. Dass man Fragen stellen durfte, fand ich auch toll.<br>Julia erz\u00e4hlte: Es war spannend und gleichzeitig interessant dabei zu zusehen, wie alle ihren Job gemacht haben. So viele Leute standen da.<br>Viktoria erg\u00e4nzte: An unserem Ausflug fand ich besonders toll, dass wir \u00fcberhaupt zuschauen durften. Als wir die Autogramme gekriegt haben, habe ich mich sehr gefreut. Es hat sehr viel Spa\u00df gemacht und ich habe viel gelernt.<br>In diesem Sinne hat der F\u00f6rderverein seinem Namen alle Ehre gemacht und das Interesse unserer kleinen Schauspieler:innen noch weiter gef\u00f6rdert.<\/p>\n\n\n\n<div class=\"wp-block-columns is-layout-flex wp-container-core-columns-is-layout-9d6595d7 wp-block-columns-is-layout-flex\">\n<div class=\"wp-block-column is-layout-flow wp-block-column-is-layout-flow\">\n<figure class=\"wp-block-image size-large\"><a href=\"https:\/\/schule-katzwang.de\/wp-content\/uploads\/2023\/12\/IMG_20230420_170442-scaled.jpg\"><img loading=\"lazy\" decoding=\"async\" width=\"1024\" height=\"577\" src=\"https:\/\/schule-katzwang.de\/wp-content\/uploads\/2023\/12\/IMG_20230420_170442-1024x577.jpg\" alt=\"\" class=\"wp-image-3311\" srcset=\"https:\/\/schule-katzwang.de\/wp-content\/uploads\/2023\/12\/IMG_20230420_170442-1024x577.jpg 1024w, https:\/\/schule-katzwang.de\/wp-content\/uploads\/2023\/12\/IMG_20230420_170442-300x169.jpg 300w, https:\/\/schule-katzwang.de\/wp-content\/uploads\/2023\/12\/IMG_20230420_170442-768x432.jpg 768w, https:\/\/schule-katzwang.de\/wp-content\/uploads\/2023\/12\/IMG_20230420_170442-1536x865.jpg 1536w, https:\/\/schule-katzwang.de\/wp-content\/uploads\/2023\/12\/IMG_20230420_170442-2048x1153.jpg 2048w, https:\/\/schule-katzwang.de\/wp-content\/uploads\/2023\/12\/IMG_20230420_170442-500x282.jpg 500w\" sizes=\"auto, (max-width: 1024px) 100vw, 1024px\" \/><\/a><\/figure>\n<\/div>\n\n\n\n<div class=\"wp-block-column is-layout-flow wp-block-column-is-layout-flow\">\n<figure class=\"wp-block-image size-large\"><a href=\"https:\/\/schule-katzwang.de\/wp-content\/uploads\/2023\/12\/IMG_20230420_170627-scaled.jpg\"><img loading=\"lazy\" decoding=\"async\" width=\"1024\" height=\"577\" src=\"https:\/\/schule-katzwang.de\/wp-content\/uploads\/2023\/12\/IMG_20230420_170627-1024x577.jpg\" alt=\"\" class=\"wp-image-3312\" srcset=\"https:\/\/schule-katzwang.de\/wp-content\/uploads\/2023\/12\/IMG_20230420_170627-1024x577.jpg 1024w, https:\/\/schule-katzwang.de\/wp-content\/uploads\/2023\/12\/IMG_20230420_170627-300x169.jpg 300w, https:\/\/schule-katzwang.de\/wp-content\/uploads\/2023\/12\/IMG_20230420_170627-768x432.jpg 768w, https:\/\/schule-katzwang.de\/wp-content\/uploads\/2023\/12\/IMG_20230420_170627-1536x865.jpg 1536w, https:\/\/schule-katzwang.de\/wp-content\/uploads\/2023\/12\/IMG_20230420_170627-2048x1153.jpg 2048w, https:\/\/schule-katzwang.de\/wp-content\/uploads\/2023\/12\/IMG_20230420_170627-500x282.jpg 500w\" sizes=\"auto, (max-width: 1024px) 100vw, 1024px\" \/><\/a><\/figure>\n<\/div>\n<\/div>\n\n\n\n<p class=\"has-medium-font-size\"><strong>Ukulelen f\u00fcr die Ukulelen-Klasse<\/strong><\/p>\n\n\n\n<div class=\"wp-block-columns is-layout-flex wp-container-core-columns-is-layout-9d6595d7 wp-block-columns-is-layout-flex\">\n<div class=\"wp-block-column is-layout-flow wp-block-column-is-layout-flow\">\n<figure class=\"wp-block-image size-large\"><a href=\"https:\/\/schule-katzwang.de\/wp-content\/uploads\/2023\/12\/IMG_20230313_102322-1-scaled.jpg\"><img loading=\"lazy\" decoding=\"async\" width=\"1024\" height=\"577\" src=\"https:\/\/schule-katzwang.de\/wp-content\/uploads\/2023\/12\/IMG_20230313_102322-1-1024x577.jpg\" alt=\"\" class=\"wp-image-3309\" srcset=\"https:\/\/schule-katzwang.de\/wp-content\/uploads\/2023\/12\/IMG_20230313_102322-1-1024x577.jpg 1024w, https:\/\/schule-katzwang.de\/wp-content\/uploads\/2023\/12\/IMG_20230313_102322-1-300x169.jpg 300w, https:\/\/schule-katzwang.de\/wp-content\/uploads\/2023\/12\/IMG_20230313_102322-1-768x432.jpg 768w, https:\/\/schule-katzwang.de\/wp-content\/uploads\/2023\/12\/IMG_20230313_102322-1-1536x865.jpg 1536w, https:\/\/schule-katzwang.de\/wp-content\/uploads\/2023\/12\/IMG_20230313_102322-1-2048x1153.jpg 2048w, https:\/\/schule-katzwang.de\/wp-content\/uploads\/2023\/12\/IMG_20230313_102322-1-500x282.jpg 500w\" sizes=\"auto, (max-width: 1024px) 100vw, 1024px\" \/><\/a><\/figure>\n<\/div>\n\n\n\n<div class=\"wp-block-column is-layout-flow wp-block-column-is-layout-flow\">\n<figure class=\"wp-block-image size-large\"><a href=\"https:\/\/schule-katzwang.de\/wp-content\/uploads\/2023\/12\/IMG_20230313_101850-scaled.jpg\"><img loading=\"lazy\" decoding=\"async\" width=\"1024\" height=\"577\" src=\"https:\/\/schule-katzwang.de\/wp-content\/uploads\/2023\/12\/IMG_20230313_101850-1024x577.jpg\" alt=\"\" class=\"wp-image-3310\" srcset=\"https:\/\/schule-katzwang.de\/wp-content\/uploads\/2023\/12\/IMG_20230313_101850-1024x577.jpg 1024w, https:\/\/schule-katzwang.de\/wp-content\/uploads\/2023\/12\/IMG_20230313_101850-300x169.jpg 300w, https:\/\/schule-katzwang.de\/wp-content\/uploads\/2023\/12\/IMG_20230313_101850-768x432.jpg 768w, https:\/\/schule-katzwang.de\/wp-content\/uploads\/2023\/12\/IMG_20230313_101850-1536x865.jpg 1536w, https:\/\/schule-katzwang.de\/wp-content\/uploads\/2023\/12\/IMG_20230313_101850-2048x1153.jpg 2048w, https:\/\/schule-katzwang.de\/wp-content\/uploads\/2023\/12\/IMG_20230313_101850-500x282.jpg 500w\" sizes=\"auto, (max-width: 1024px) 100vw, 1024px\" \/><\/a><\/figure>\n<\/div>\n<\/div>\n\n\n\n<figure class=\"wp-block-image size-full\"><a href=\"https:\/\/schule-katzwang.de\/wp-content\/uploads\/2023\/06\/Foerderverein_Info_.png\"><img loading=\"lazy\" decoding=\"async\" width=\"619\" height=\"719\" src=\"https:\/\/schule-katzwang.de\/wp-content\/uploads\/2023\/06\/Foerderverein_Info_.png\" alt=\"\" class=\"wp-image-3188\" srcset=\"https:\/\/schule-katzwang.de\/wp-content\/uploads\/2023\/06\/Foerderverein_Info_.png 619w, https:\/\/schule-katzwang.de\/wp-content\/uploads\/2023\/06\/Foerderverein_Info_-258x300.png 258w\" sizes=\"auto, (max-width: 619px) 100vw, 619px\" \/><\/a><\/figure>\n\n\n\n<p><a href=\"https:\/\/schule-katzwang.de\/wp-content\/uploads\/2023\/06\/Beitrittserklaerung.pdf\">Beitrittserkl\u00e4rung F\u00f6rderverein<\/a><\/p>\n\n\n\n<h2 class=\"wp-block-heading\"><\/h2>\n","protected":false},"excerpt":{"rendered":"<p>Auf dieser Seite finden Sie aktuelle Nachrichten und Berichte aus der Arbeit des des F\u00f6rdervereins. Am Ende der Seite finden Sie die aktuelle Beitrittserkl\u00e4rung. Die Satzung des F\u00f6rdervereins ist auf der eigenen Unterseite zu finden. Ausflug der Theater AG Der F\u00f6rderverein der Grund- und Mittelschule Katzwang hat es den Kindern der Theater AG erm\u00f6glicht, bei &hellip; <a href=\"https:\/\/schule-katzwang.de\/?page_id=2938\" class=\"more-link\"><span class=\"screen-reader-text\">F\u00f6rderverein der Schule Katzwang<\/span> weiterlesen<\/a><\/p>\n","protected":false},"author":1,"featured_media":0,"parent":1275,"menu_order":0,"comment_status":"closed","ping_status":"closed","template":"","meta":{"ngg_post_thumbnail":0,"footnotes":""},"class_list":["post-2938","page","type-page","status-publish","hentry"],"_links":{"self":[{"href":"https:\/\/schule-katzwang.de\/index.php?rest_route=\/wp\/v2\/pages\/2938","targetHints":{"allow":["GET"]}}],"collection":[{"href":"https:\/\/schule-katzwang.de\/index.php?rest_route=\/wp\/v2\/pages"}],"about":[{"href":"https:\/\/schule-katzwang.de\/index.php?rest_route=\/wp\/v2\/types\/page"}],"author":[{"embeddable":true,"href":"https:\/\/schule-katzwang.de\/index.php?rest_route=\/wp\/v2\/users\/1"}],"replies":[{"embeddable":true,"href":"https:\/\/schule-katzwang.de\/index.php?rest_route=%2Fwp%2Fv2%2Fcomments&post=2938"}],"version-history":[{"count":11,"href":"https:\/\/schule-katzwang.de\/index.php?rest_route=\/wp\/v2\/pages\/2938\/revisions"}],"predecessor-version":[{"id":3447,"href":"https:\/\/schule-katzwang.de\/index.php?rest_route=\/wp\/v2\/pages\/2938\/revisions\/3447"}],"up":[{"embeddable":true,"href":"https:\/\/schule-katzwang.de\/index.php?rest_route=\/wp\/v2\/pages\/1275"}],"wp:attachment":[{"href":"https:\/\/schule-katzwang.de\/index.php?rest_route=%2Fwp%2Fv2%2Fmedia&parent=2938"}],"curies":[{"name":"wp","href":"https:\/\/api.w.org\/{rel}","templated":true}]}}