{"id":166,"date":"2011-11-27T17:43:13","date_gmt":"2011-11-27T17:43:13","guid":{"rendered":"http:\/\/schule-katzwang.de\/?page_id=166"},"modified":"2024-09-23T15:01:14","modified_gmt":"2024-09-23T15:01:14","slug":"kontakt-2","status":"publish","type":"page","link":"https:\/\/schule-katzwang.de\/?page_id=166","title":{"rendered":"Kontakt"},"content":{"rendered":"\n\n\n<p class=\"has-electric-grass-gradient-background has-background has-medium-font-size\">W-Fragen zur Schule im Folgenden:<\/p>\n\n\n\n<figure class=\"wp-block-table alignleft is-style-regular has-medium-font-size\"><table class=\"has-pale-ocean-gradient-background has-background\"><tbody><tr><td>Schule: <\/td><td>Grund- und Mittelschule N\u00fcrnberg-Katzwang<\/td><\/tr><tr><td>Adresse:<\/td><td>Katzwanger Hauptstra\u00dfe 19<\/td><\/tr><tr><td>Postleitzahl:<\/td><td>90453 N\u00fcrnberg<\/td><\/tr><tr><td>Telefon:<\/td><td>09122 77410<\/td><\/tr><tr><td>Fax:<\/td><td>09122 635966<\/td><\/tr><tr><td>E-Mail:<\/td><td>sekretariat@schule-katzwang.de<\/td><\/tr><tr><td>Schulnummer:<\/td><td>6660<\/td><\/tr><\/tbody><\/table><\/figure>\n","protected":false},"excerpt":{"rendered":"<p>W-Fragen zur Schule im Folgenden: Schule: Grund- und Mittelschule N\u00fcrnberg-Katzwang Adresse: Katzwanger Hauptstra\u00dfe 19 Postleitzahl: 90453 N\u00fcrnberg Telefon: 09122 77410 Fax: 09122 635966 E-Mail: sekretariat@schule-katzwang.de Schulnummer: 6660<\/p>\n","protected":false},"author":1,"featured_media":0,"parent":0,"menu_order":6,"comment_status":"closed","ping_status":"open","template":"","meta":{"ngg_post_thumbnail":0,"footnotes":""},"class_list":["post-166","page","type-page","status-publish","hentry"],"_links":{"self":[{"href":"https:\/\/schule-katzwang.de\/index.php?rest_route=\/wp\/v2\/pages\/166","targetHints":{"allow":["GET"]}}],"collection":[{"href":"https:\/\/schule-katzwang.de\/index.php?rest_route=\/wp\/v2\/pages"}],"about":[{"href":"https:\/\/schule-katzwang.de\/index.php?rest_route=\/wp\/v2\/types\/page"}],"author":[{"embeddable":true,"href":"https:\/\/schule-katzwang.de\/index.php?rest_route=\/wp\/v2\/users\/1"}],"replies":[{"embeddable":true,"href":"https:\/\/schule-katzwang.de\/index.php?rest_route=%2Fwp%2Fv2%2Fcomments&post=166"}],"version-history":[{"count":10,"href":"https:\/\/schule-katzwang.de\/index.php?rest_route=\/wp\/v2\/pages\/166\/revisions"}],"predecessor-version":[{"id":3532,"href":"https:\/\/schule-katzwang.de\/index.php?rest_route=\/wp\/v2\/pages\/166\/revisions\/3532"}],"wp:attachment":[{"href":"https:\/\/schule-katzwang.de\/index.php?rest_route=%2Fwp%2Fv2%2Fmedia&parent=166"}],"curies":[{"name":"wp","href":"https:\/\/api.w.org\/{rel}","templated":true}]}}