{"id":1653,"date":"2020-02-20T10:19:47","date_gmt":"2020-02-20T10:19:47","guid":{"rendered":"http:\/\/schule-katzwang.de\/?page_id=1653"},"modified":"2023-10-19T14:22:23","modified_gmt":"2023-10-19T14:22:23","slug":"berufsberatung","status":"publish","type":"page","link":"https:\/\/schule-katzwang.de\/?page_id=1653","title":{"rendered":"Berufsberatung"},"content":{"rendered":"\n<p><strong>Angebote der\nBerufsberatung<\/strong><\/p>\n\n\n\n<ul class=\"wp-block-list\">\n<li>Information\n<ul class=\"wp-block-list\">\n<li>Beratung\n<ul class=\"wp-block-list\">\n<li>Vermittlung\n<ul class=\"wp-block-list\">\n<li>F\u00f6rderung<strong><\/strong><\/li>\n<\/ul>\n<\/li>\n<\/ul>\n<\/li>\n<\/ul>\n<\/li>\n<\/ul>\n\n\n\n<p><strong>Information: <\/strong><\/p>\n\n\n\n<ul class=\"wp-block-list\">\n<li>\u00fcber T\u00e4tigkeiten in Berufen sowie Zugangsvoraussetzungen, Anforderungen, \u2026<\/li>\n\n\n\n<li>BIZ- Besuche <\/li>\n\n\n\n<li>Informationsveranstaltungen und Bewerberseminare im BIZ<\/li>\n\n\n\n<li>Unterricht zur Berufsorientierung in der Klasse<\/li>\n\n\n\n<li>Schulsprechstunden<\/li>\n<\/ul>\n\n\n\n<p><strong>Beratung:<\/strong><\/p>\n\n\n\n<ul class=\"wp-block-list\">\n<li>Terminierte Einzelberatung in der Agentur f\u00fcr Arbeit F\u00fcrth<\/li>\n\n\n\n<li>Unterst\u00fctzung durch Berufswahltest und Eignungskl\u00e4rung<\/li>\n\n\n\n<li>Schulsprechstunde<\/li>\n<\/ul>\n\n\n\n<p><strong>Vermittlung:<\/strong><\/p>\n\n\n\n<ul class=\"wp-block-list\">\n<li>nach\nBeratung in geeignete Ausbildungsstellen<\/li>\n<\/ul>\n\n\n\n<p><strong>F\u00f6rderung:<\/strong><\/p>\n\n\n\n<ul class=\"wp-block-list\">\n<li>Entscheidung\nim Einzelfall (z.B. Berufsvorbereitung, Einstiegsqualifizierung)<\/li>\n<\/ul>\n\n\n\n<p><strong>Kontakt:<\/strong><\/p>\n\n\n\n<figure class=\"wp-block-image size-full is-resized\"><a href=\"https:\/\/schule-katzwang.de\/wp-content\/uploads\/2023\/10\/image.png\"><img loading=\"lazy\" decoding=\"async\" width=\"289\" height=\"302\" src=\"https:\/\/schule-katzwang.de\/wp-content\/uploads\/2023\/10\/image.png\" alt=\"\" class=\"wp-image-3216\" style=\"aspect-ratio:0.956953642384106;width:614px;height:auto\" srcset=\"https:\/\/schule-katzwang.de\/wp-content\/uploads\/2023\/10\/image.png 289w, https:\/\/schule-katzwang.de\/wp-content\/uploads\/2023\/10\/image-287x300.png 287w\" sizes=\"auto, (max-width: 289px) 100vw, 289px\" \/><\/a><figcaption class=\"wp-element-caption\"><strong><em>Eure Berufsberaterin<\/em><\/strong><br><strong><em>Frau Maderholz<\/em><\/strong><\/figcaption><\/figure>\n\n\n\n<p>Tel.: 0800 4 5555 00<\/p>\n\n\n\n<p>E-Mail: Nuernberg.Berufsberatung@arbeitsagentur.de<\/p>\n\n\n\n<p><strong>Anschrift:<\/strong><\/p>\n\n\n\n<p>Agentur f\u00fcr Arbeit N\u00fcrnberg<\/p>\n\n\n\n<p>Frau Maderholz<\/p>\n\n\n\n<p>Richard-Wagner-Platz 5<\/p>\n\n\n\n<figure class=\"wp-block-table\"><table><tbody><tr><td>90443 N\u00fcrnberg  <\/td><\/tr><\/tbody><\/table><\/figure>\n\n\n\n<p><\/p>\n","protected":false},"excerpt":{"rendered":"<p>Angebote der Berufsberatung Information: Beratung: Vermittlung: F\u00f6rderung: Kontakt: Tel.: 0800 4 5555 00 E-Mail: Nuernberg.Berufsberatung@arbeitsagentur.de Anschrift: Agentur f\u00fcr Arbeit N\u00fcrnberg Frau Maderholz Richard-Wagner-Platz 5 90443 N\u00fcrnberg<\/p>\n","protected":false},"author":1,"featured_media":0,"parent":1277,"menu_order":7,"comment_status":"closed","ping_status":"closed","template":"","meta":{"ngg_post_thumbnail":0,"footnotes":""},"class_list":["post-1653","page","type-page","status-publish","hentry"],"_links":{"self":[{"href":"https:\/\/schule-katzwang.de\/index.php?rest_route=\/wp\/v2\/pages\/1653","targetHints":{"allow":["GET"]}}],"collection":[{"href":"https:\/\/schule-katzwang.de\/index.php?rest_route=\/wp\/v2\/pages"}],"about":[{"href":"https:\/\/schule-katzwang.de\/index.php?rest_route=\/wp\/v2\/types\/page"}],"author":[{"embeddable":true,"href":"https:\/\/schule-katzwang.de\/index.php?rest_route=\/wp\/v2\/users\/1"}],"replies":[{"embeddable":true,"href":"https:\/\/schule-katzwang.de\/index.php?rest_route=%2Fwp%2Fv2%2Fcomments&post=1653"}],"version-history":[{"count":4,"href":"https:\/\/schule-katzwang.de\/index.php?rest_route=\/wp\/v2\/pages\/1653\/revisions"}],"predecessor-version":[{"id":3218,"href":"https:\/\/schule-katzwang.de\/index.php?rest_route=\/wp\/v2\/pages\/1653\/revisions\/3218"}],"up":[{"embeddable":true,"href":"https:\/\/schule-katzwang.de\/index.php?rest_route=\/wp\/v2\/pages\/1277"}],"wp:attachment":[{"href":"https:\/\/schule-katzwang.de\/index.php?rest_route=%2Fwp%2Fv2%2Fmedia&parent=1653"}],"curies":[{"name":"wp","href":"https:\/\/api.w.org\/{rel}","templated":true}]}}