{"id":1574,"date":"2019-12-17T11:55:34","date_gmt":"2019-12-17T11:55:34","guid":{"rendered":"http:\/\/schule-katzwang.de\/?page_id=1574"},"modified":"2021-12-02T17:21:01","modified_gmt":"2021-12-02T17:21:01","slug":"sternstunden-e-v","status":"publish","type":"page","link":"https:\/\/schule-katzwang.de\/?page_id=1574","title":{"rendered":"&#8222;Sternstunden e. V.&#8220;"},"content":{"rendered":"\n<p>Wir basteln f\u00fcr \u201eSternstunden e.V.\u201c<\/p>\n\n\n\n<p>Mit gro\u00dfem Eifer beteiligten sich in diesem Jahr verschiedene Klassen und Gruppen unserer Schule an der Benefizaktion des Bayerischen Rundfunks. Die gebastelten Sterne werden allj\u00e4hrlich auf dem N\u00fcrnberger Christkindlesmarkt am Sternstunden-Stand gegen Spenden verteilt. Mit dem Erl\u00f6s sollen kranken, behinderten und Not leidenden Kindern in Bayern, Deutschland und weltweit geholfen werden.  Angesichts unseres Jahresmottos \u201eRespekt\u201c wollten wir durch unseren Beitrag auch ein deutliches Zeichen setzen, dass wir uns f\u00fcr andere Menschen einsetzen, die unverschuldet in Not geraten oder benachteiligt sind.  <\/p>\n","protected":false},"excerpt":{"rendered":"<p>Wir basteln f\u00fcr \u201eSternstunden e.V.\u201c Mit gro\u00dfem Eifer beteiligten sich in diesem Jahr verschiedene Klassen und Gruppen unserer Schule an der Benefizaktion des Bayerischen Rundfunks. Die gebastelten Sterne werden allj\u00e4hrlich auf dem N\u00fcrnberger Christkindlesmarkt am Sternstunden-Stand gegen Spenden verteilt. Mit dem Erl\u00f6s sollen kranken, behinderten und Not leidenden Kindern in Bayern, Deutschland und weltweit geholfen &hellip; <a href=\"https:\/\/schule-katzwang.de\/?page_id=1574\" class=\"more-link\"><span class=\"screen-reader-text\">&#8222;Sternstunden e. V.&#8220;<\/span> weiterlesen<\/a><\/p>\n","protected":false},"author":1,"featured_media":0,"parent":1396,"menu_order":12,"comment_status":"closed","ping_status":"closed","template":"","meta":{"ngg_post_thumbnail":0,"footnotes":""},"class_list":["post-1574","page","type-page","status-publish","hentry"],"_links":{"self":[{"href":"https:\/\/schule-katzwang.de\/index.php?rest_route=\/wp\/v2\/pages\/1574","targetHints":{"allow":["GET"]}}],"collection":[{"href":"https:\/\/schule-katzwang.de\/index.php?rest_route=\/wp\/v2\/pages"}],"about":[{"href":"https:\/\/schule-katzwang.de\/index.php?rest_route=\/wp\/v2\/types\/page"}],"author":[{"embeddable":true,"href":"https:\/\/schule-katzwang.de\/index.php?rest_route=\/wp\/v2\/users\/1"}],"replies":[{"embeddable":true,"href":"https:\/\/schule-katzwang.de\/index.php?rest_route=%2Fwp%2Fv2%2Fcomments&post=1574"}],"version-history":[{"count":3,"href":"https:\/\/schule-katzwang.de\/index.php?rest_route=\/wp\/v2\/pages\/1574\/revisions"}],"predecessor-version":[{"id":2749,"href":"https:\/\/schule-katzwang.de\/index.php?rest_route=\/wp\/v2\/pages\/1574\/revisions\/2749"}],"up":[{"embeddable":true,"href":"https:\/\/schule-katzwang.de\/index.php?rest_route=\/wp\/v2\/pages\/1396"}],"wp:attachment":[{"href":"https:\/\/schule-katzwang.de\/index.php?rest_route=%2Fwp%2Fv2%2Fmedia&parent=1574"}],"curies":[{"name":"wp","href":"https:\/\/api.w.org\/{rel}","templated":true}]}}