{"id":1372,"date":"2019-11-21T20:29:27","date_gmt":"2019-11-21T20:29:27","guid":{"rendered":"http:\/\/schule-katzwang.de\/?page_id=1372"},"modified":"2020-03-27T13:50:38","modified_gmt":"2020-03-27T13:50:38","slug":"schulhausordnung","status":"publish","type":"page","link":"https:\/\/schule-katzwang.de\/?page_id=1372","title":{"rendered":"Schulhausordnung"},"content":{"rendered":"\n<p><strong>Darum geht es:<\/strong><br>Wir verbringen sehr viel Zeit in der Schule. Damit alle hier gut arbeiten und sich wohl f\u00fchlen k\u00f6nnen, gilt es h\u00f6flich, freundlich und hilfsbereit zu sein sowie sich an Regeln zu halten. Wir alle tragen durch unser Verhalten und Handeln zu einem guten Arbeitsklima bei und beeinflussen dadurch auch das Ansehen unserer Schule in der \u00d6ffentlichkeit.<\/p>\n\n\n\n<p><strong>Diese Regeln gelten:<\/strong><\/p>\n\n\n\n<ul class=\"wp-block-list\"><li>Die Sch\u00fcler betreten das Schulhaus im Regelfall 15 Minuten vor Unterrichtsbeginn und begeben sich in ihr Klassenzimmer. Beginnt der Unterricht nach 7.55 Uhr, so betreten die Sch\u00fcler das Schul-haus erst mit dem Klingelzeichen oder auf Anweisung ihrer Lehrkr\u00e4fte.<\/li><\/ul>\n\n\n\n<ul class=\"wp-block-list\"><li>Jedes Rennen und L\u00e4rmen im Schulhaus ist r\u00fccksichtslos und muss unterbleiben.<\/li><\/ul>\n\n\n\n<ul class=\"wp-block-list\"><li>Gehe pfleglich mit Einrichtungsgegenst\u00e4nden um. Halte die R\u00e4ume, Toiletten, G\u00e4nge und den Schulhof sauber. Abf\u00e4lle geh\u00f6ren in die Abfallk\u00f6rbe!<\/li><li>Schulfremde Gegenst\u00e4nde d\u00fcrfen nicht in die Schule mitgenommen werden. Wer die Sicherheit und Gesundheit anderer gef\u00e4hrdet oder Gewalt aus\u00fcbt, wird zur Verantwortung gezogen und hart bestraft.<\/li><\/ul>\n\n\n\n<ul class=\"wp-block-list\"><li>Wer auf dem Schulgel\u00e4nde oder im Umfeld der Schule (Bereich Hallenbad &#8211; Katzwanger Hauptstra\u00dfe \u2013 Ellwanger Stra\u00dfe) beim Rauchen ertappt wird, muss mit Strafe rechnen.<\/li><\/ul>\n\n\n\n<ul class=\"wp-block-list\"><li>Kein Sch\u00fcler verl\u00e4sst w\u00e4hrend der Unterrichtszeit (dazu geh\u00f6ren auch die Pausen) das Schulgrundst\u00fcck.<\/li><\/ul>\n\n\n\n<ul class=\"wp-block-list\"><li>Schulfremde Personen holen sich die Erlaubnis zum Betreten des Schulgel\u00e4ndes im Sekretariat ab.<\/li><li>Die Gr\u00fcnanlagen und Beete auf dem Schulgrundst\u00fcck d\u00fcrfen nicht betreten werden.<\/li><\/ul>\n\n\n\n<ul class=\"wp-block-list\"><li>Fahrr\u00e4der, Inliner usw. d\u00fcrfen nur nachmittags auf Hof II ben\u00fctzt werden.<\/li><li>In den Pausen gilt die Pausenregelung.<\/li><\/ul>\n\n\n\n<p><strong>Ein Wort zum Schluss:<\/strong><br>Jeder ist f\u00fcr sein Verhalten selbst verantwortlich. Wer sich nicht an die Schulhausordnung h\u00e4lt, hat mit Erziehungs- und Ordnungsma\u00dfnahmen zu rechnen. Dies gilt auch f\u00fcr au\u00dferschulisches Verhalten soweit es die Verwirklichung der Aufgabe der Schule gef\u00e4hrdet (BayEUG).<\/p>\n","protected":false},"excerpt":{"rendered":"<p>Darum geht es:Wir verbringen sehr viel Zeit in der Schule. Damit alle hier gut arbeiten und sich wohl f\u00fchlen k\u00f6nnen, gilt es h\u00f6flich, freundlich und hilfsbereit zu sein sowie sich an Regeln zu halten. Wir alle tragen durch unser Verhalten und Handeln zu einem guten Arbeitsklima bei und beeinflussen dadurch auch das Ansehen unserer Schule &hellip; <a href=\"https:\/\/schule-katzwang.de\/?page_id=1372\" class=\"more-link\"><span class=\"screen-reader-text\">Schulhausordnung<\/span> weiterlesen<\/a><\/p>\n","protected":false},"author":1,"featured_media":0,"parent":1275,"menu_order":9,"comment_status":"closed","ping_status":"closed","template":"","meta":{"ngg_post_thumbnail":0,"footnotes":""},"class_list":["post-1372","page","type-page","status-publish","hentry"],"_links":{"self":[{"href":"https:\/\/schule-katzwang.de\/index.php?rest_route=\/wp\/v2\/pages\/1372","targetHints":{"allow":["GET"]}}],"collection":[{"href":"https:\/\/schule-katzwang.de\/index.php?rest_route=\/wp\/v2\/pages"}],"about":[{"href":"https:\/\/schule-katzwang.de\/index.php?rest_route=\/wp\/v2\/types\/page"}],"author":[{"embeddable":true,"href":"https:\/\/schule-katzwang.de\/index.php?rest_route=\/wp\/v2\/users\/1"}],"replies":[{"embeddable":true,"href":"https:\/\/schule-katzwang.de\/index.php?rest_route=%2Fwp%2Fv2%2Fcomments&post=1372"}],"version-history":[{"count":1,"href":"https:\/\/schule-katzwang.de\/index.php?rest_route=\/wp\/v2\/pages\/1372\/revisions"}],"predecessor-version":[{"id":1373,"href":"https:\/\/schule-katzwang.de\/index.php?rest_route=\/wp\/v2\/pages\/1372\/revisions\/1373"}],"up":[{"embeddable":true,"href":"https:\/\/schule-katzwang.de\/index.php?rest_route=\/wp\/v2\/pages\/1275"}],"wp:attachment":[{"href":"https:\/\/schule-katzwang.de\/index.php?rest_route=%2Fwp%2Fv2%2Fmedia&parent=1372"}],"curies":[{"name":"wp","href":"https:\/\/api.w.org\/{rel}","templated":true}]}}