{"id":1366,"date":"2019-11-21T20:21:38","date_gmt":"2019-11-21T20:21:38","guid":{"rendered":"http:\/\/schule-katzwang.de\/?page_id=1366"},"modified":"2026-03-11T12:09:13","modified_gmt":"2026-03-11T12:09:13","slug":"grundschule","status":"publish","type":"page","link":"https:\/\/schule-katzwang.de\/?page_id=1366","title":{"rendered":"musikbegeisterte Grundschule"},"content":{"rendered":"\n<p>Wir freuen uns Ihnen mitteilen zu d\u00fcrfen, dass wir seit M\u00e4rz 2026 den Status einer musikbegeisterten Grundschule tragen. <\/p>\n\n\n\n<p>N\u00e4here Infos hierzu finden Sie unter <a href=\"https:\/\/www.blkm.de\/Bildung\/MusikinderSchule\/MuBGS\">https:\/\/www.blkm.de\/Bildung\/MusikinderSchule\/MuBGS<\/a> .<\/p>\n\n\n\n<h1 class=\"wp-block-heading\"><strong>F\u00fcr unsere zuk\u00fcnftigen Schulanf\u00e4nger<\/strong><\/h1>\n\n\n\n<p><strong>&#8222;Was sollte mein Kind k\u00f6nnen, wenn es in die 1. Klasse kommt?&#8220;<\/strong><\/p>\n\n\n\n<p>Liebe Eltern,<\/p>\n\n\n\n<p>ihr Kind besucht das letzte Kindergartenjahr und wird im Herbst eingeschult. Ein neuer Lebensabschnitt beginnt. Damit kommen auf die ganze Familie, Eltern und Kind, neue Herausforderungen und auch Anforderungen zu.<\/p>\n\n\n\n<p>Um jedem Kind \u00e4hnliche Grundvoraussetzungen f\u00fcr einen erfolgreichen Start zu erm\u00f6glichen, haben die Lehrkr\u00e4fte der Grundschule in Zusammenarbeit mit Erzieherinnen der Katzwanger Kinderg\u00e4rten und Betreuungseinrichtungen grundlegenende Kompetenzen zusammengestellt, die Ihr Kind als Schulanf\u00e4nger erf\u00fcllen sollte.<\/p>\n\n\n\n<p>Diese F\u00e4higkeiten und Fertigkeiten werden bereits im Kindergarten vorbereitet und geschult.<\/p>\n\n\n\n<p>Aber auch viele Eltern nehmen die vorschulischen Ma\u00dfnahmen ernst, praktizieren und trainieren sie im h\u00e4uslichen Bereich. Dadurch wird die Schulreife wesentlich gef\u00f6rdert und das Kind ist optimal f\u00fcr den Schulanfang ger\u00fcstet.<\/p>\n\n\n\n<p>Wir w\u00fcnschen allen Schulanf\u00e4ngern und ihren Eltern noch eine gute Zeit bis zum ersten Schultag im Herbst und freuen uns auf eine erfolgreiche Zusammenarbeit.<\/p>\n\n\n\n<p><strong>Lehrkr\u00e4fte und Schulleitung der Grundschule Katzwang<\/strong><\/p>\n\n\n\n<p><strong>Manuelle Fertigkeiten<\/strong><\/p>\n\n\n\n<ul class=\"wp-block-list\">\n<li>Mit Schere und Kleber richtig umgehen<\/li>\n\n\n\n<li>Den Stift richtig halten<\/li>\n\n\n\n<li>selbstst\u00e4ndig auf die Toilette gehen<\/li>\n\n\n\n<li>falten k\u00f6nnen<\/li>\n\n\n\n<li>Arbeitsplatz organisieren und in Ordnung halten<\/li>\n<\/ul>\n\n\n\n<p><strong>Fertigkeiten, die den schulischen Lernprozess beg\u00fcnstigen und unterst\u00fctzen<\/strong><\/p>\n\n\n\n<ul class=\"wp-block-list\">\n<li>Namen und Adresse kennen<\/li>\n\n\n\n<li>deutlich und verst\u00e4ndlich sprechen<\/li>\n\n\n\n<li>in vollst\u00e4ndigen S\u00e4tzen sprechen<\/li>\n\n\n\n<li>bei der Sache bleiben<\/li>\n\n\n\n<li>genau ausmalen und Begrenzungen einhalten<\/li>\n\n\n\n<li>eine Sache zu Ende f\u00fchren (Spiel, Aufr\u00e4umarbeit,&#8230;)<\/li>\n\n\n\n<li>&#8222;W\u00fcrfelzahlen schnell erkennen<\/li>\n\n\n\n<li>den eigenen Namen schreiben<\/li>\n<\/ul>\n\n\n\n<p><strong>Soziale F\u00e4higkeiten<\/strong><\/p>\n\n\n\n<ul class=\"wp-block-list\">\n<li>allgemeine Regeln akzeptieren<\/li>\n\n\n\n<li>ein &#8222;Nein&#8220; akzeptieren<\/li>\n\n\n\n<li>abwarten k\u00f6nnen<\/li>\n\n\n\n<li>verlieren k\u00f6nnen<\/li>\n\n\n\n<li>zuh\u00f6ren k\u00f6nnen<\/li>\n\n\n\n<li>gr\u00fc\u00dfen k\u00f6nnen<\/li>\n\n\n\n<li>bitten und danken k\u00f6nnen<\/li>\n\n\n\n<li>loslassen k\u00f6nnen (Schulweg alleine meistern, alleine ins Zimmer gehen, &#8230;)<\/li>\n\n\n\n<li>sachgerecht mit eigenen und fremden Fehlern umgehen (Fehler zugeben, niemand auslachen, Schw\u00e4chen akzeptieren,&#8230;)<\/li>\n\n\n\n<li>Zeiten einhalten (P\u00fcnktlichkeit)<\/li>\n<\/ul>\n","protected":false},"excerpt":{"rendered":"<p>Wir freuen uns Ihnen mitteilen zu d\u00fcrfen, dass wir seit M\u00e4rz 2026 den Status einer musikbegeisterten Grundschule tragen. N\u00e4here Infos hierzu finden Sie unter https:\/\/www.blkm.de\/Bildung\/MusikinderSchule\/MuBGS . F\u00fcr unsere zuk\u00fcnftigen Schulanf\u00e4nger &#8222;Was sollte mein Kind k\u00f6nnen, wenn es in die 1. Klasse kommt?&#8220; Liebe Eltern, ihr Kind besucht das letzte Kindergartenjahr und wird im Herbst eingeschult. &hellip; <a href=\"https:\/\/schule-katzwang.de\/?page_id=1366\" class=\"more-link\"><span class=\"screen-reader-text\">musikbegeisterte Grundschule<\/span> weiterlesen<\/a><\/p>\n","protected":false},"author":1,"featured_media":0,"parent":1275,"menu_order":6,"comment_status":"closed","ping_status":"closed","template":"","meta":{"ngg_post_thumbnail":0,"footnotes":""},"class_list":["post-1366","page","type-page","status-publish","hentry"],"_links":{"self":[{"href":"https:\/\/schule-katzwang.de\/index.php?rest_route=\/wp\/v2\/pages\/1366","targetHints":{"allow":["GET"]}}],"collection":[{"href":"https:\/\/schule-katzwang.de\/index.php?rest_route=\/wp\/v2\/pages"}],"about":[{"href":"https:\/\/schule-katzwang.de\/index.php?rest_route=\/wp\/v2\/types\/page"}],"author":[{"embeddable":true,"href":"https:\/\/schule-katzwang.de\/index.php?rest_route=\/wp\/v2\/users\/1"}],"replies":[{"embeddable":true,"href":"https:\/\/schule-katzwang.de\/index.php?rest_route=%2Fwp%2Fv2%2Fcomments&post=1366"}],"version-history":[{"count":3,"href":"https:\/\/schule-katzwang.de\/index.php?rest_route=\/wp\/v2\/pages\/1366\/revisions"}],"predecessor-version":[{"id":3697,"href":"https:\/\/schule-katzwang.de\/index.php?rest_route=\/wp\/v2\/pages\/1366\/revisions\/3697"}],"up":[{"embeddable":true,"href":"https:\/\/schule-katzwang.de\/index.php?rest_route=\/wp\/v2\/pages\/1275"}],"wp:attachment":[{"href":"https:\/\/schule-katzwang.de\/index.php?rest_route=%2Fwp%2Fv2%2Fmedia&parent=1366"}],"curies":[{"name":"wp","href":"https:\/\/api.w.org\/{rel}","templated":true}]}}