{"id":1279,"date":"2019-11-21T12:36:30","date_gmt":"2019-11-21T12:36:30","guid":{"rendered":"http:\/\/schule-katzwang.de\/?page_id=1279"},"modified":"2026-04-25T05:58:50","modified_gmt":"2026-04-25T05:58:50","slug":"schulleitung","status":"publish","type":"page","link":"https:\/\/schule-katzwang.de\/?page_id=1279","title":{"rendered":"Schulleitung | Rektorat"},"content":{"rendered":"\n<p class=\"has-electric-grass-gradient-background has-background\" style=\"font-size:19px\">Rektor\/in: N.N.<\/p>\n\n\n\n<p class=\"has-electric-grass-gradient-background has-background\" style=\"font-size:19px\">Konrektorin: Frau Tanja Bussinger, KRin<\/p>\n\n\n\n<p class=\"has-electric-grass-gradient-background has-background\" style=\"font-size:19px\">Sprechzeiten: Bitte um vorherige Anmeldung (nach Vereinbarung!)<\/p>\n\n\n\n<p class=\"has-luminous-vivid-amber-to-luminous-vivid-orange-gradient-background has-background has-small-font-size\">Hinweis: Die Schulleitung steht Ihnen auch au\u00dferhalb der angegebenen festen Sprechzeiten f\u00fcr Gespr\u00e4che zur Verf\u00fcgung. Bitte bedenken Sie, dass auch die Schulleitung eine Klasse zu f\u00fchren hat bzw. Unterrichtsverpflichtungen nachkommen muss. In wirklich dringenden F\u00e4llen k\u00f6nnen kurzfristig Termine mit dem Sekretariat vereinbart werden. Wir danken f\u00fcr Ihr Verst\u00e4ndnis!<\/p>\n\n\n\n<p><\/p>\n","protected":false},"excerpt":{"rendered":"<p>Rektor\/in: N.N. Konrektorin: Frau Tanja Bussinger, KRin Sprechzeiten: Bitte um vorherige Anmeldung (nach Vereinbarung!) Hinweis: Die Schulleitung steht Ihnen auch au\u00dferhalb der angegebenen festen Sprechzeiten f\u00fcr Gespr\u00e4che zur Verf\u00fcgung. Bitte bedenken Sie, dass auch die Schulleitung eine Klasse zu f\u00fchren hat bzw. Unterrichtsverpflichtungen nachkommen muss. In wirklich dringenden F\u00e4llen k\u00f6nnen kurzfristig Termine mit dem Sekretariat &hellip; <a href=\"https:\/\/schule-katzwang.de\/?page_id=1279\" class=\"more-link\"><span class=\"screen-reader-text\">Schulleitung | Rektorat<\/span> weiterlesen<\/a><\/p>\n","protected":false},"author":1,"featured_media":0,"parent":1277,"menu_order":1,"comment_status":"closed","ping_status":"closed","template":"","meta":{"ngg_post_thumbnail":0,"footnotes":""},"class_list":["post-1279","page","type-page","status-publish","hentry"],"_links":{"self":[{"href":"https:\/\/schule-katzwang.de\/index.php?rest_route=\/wp\/v2\/pages\/1279","targetHints":{"allow":["GET"]}}],"collection":[{"href":"https:\/\/schule-katzwang.de\/index.php?rest_route=\/wp\/v2\/pages"}],"about":[{"href":"https:\/\/schule-katzwang.de\/index.php?rest_route=\/wp\/v2\/types\/page"}],"author":[{"embeddable":true,"href":"https:\/\/schule-katzwang.de\/index.php?rest_route=\/wp\/v2\/users\/1"}],"replies":[{"embeddable":true,"href":"https:\/\/schule-katzwang.de\/index.php?rest_route=%2Fwp%2Fv2%2Fcomments&post=1279"}],"version-history":[{"count":11,"href":"https:\/\/schule-katzwang.de\/index.php?rest_route=\/wp\/v2\/pages\/1279\/revisions"}],"predecessor-version":[{"id":3699,"href":"https:\/\/schule-katzwang.de\/index.php?rest_route=\/wp\/v2\/pages\/1279\/revisions\/3699"}],"up":[{"embeddable":true,"href":"https:\/\/schule-katzwang.de\/index.php?rest_route=\/wp\/v2\/pages\/1277"}],"wp:attachment":[{"href":"https:\/\/schule-katzwang.de\/index.php?rest_route=%2Fwp%2Fv2%2Fmedia&parent=1279"}],"curies":[{"name":"wp","href":"https:\/\/api.w.org\/{rel}","templated":true}]}}